{"id":16326,"date":"2025-04-08T07:30:06","date_gmt":"2025-04-08T05:30:06","guid":{"rendered":"https:\/\/www.wojoer.de\/produkt\/bade-minisock-string-335b3b\/"},"modified":"2026-01-18T18:00:17","modified_gmt":"2026-01-18T17:00:17","slug":"bade-minisock-string-335b3b","status":"publish","type":"product","link":"https:\/\/www.wojoer.de\/en\/produkt\/bade-minisock-string-335b3b\/","title":{"rendered":"Bade Minisock String 335B3B"},"content":{"rendered":"<p>immer vorr\u00e4tig, denn der gl\u00e4nzende Bade Minisock String mit neongelben B\u00fcndchen 335B3B geh\u00f6rt in die Kategorie: Wojoer &#8220;NOS-Produkte&#8221;!<\/p>\n<h3>Gr\u00f6\u00dfen<\/h3>\n<p>Erh\u00e4ltlich in den Gr\u00f6\u00dfen XS, S, M, L, XL, XXL<\/p>\n<h3>Materialzusammensetzung<\/h3>\n<p>Blickdichtes Badejersey: 80% Polyamid und 20% Elasthan<\/p>\n<h3>Besonderheiten<\/h3>\n<p><a href=\"http:\/\/www.wojoer.de\/?s=nos&#038;post_type=product\">NOS Produkt<\/a> | matt gl\u00e4nzendes, sehr dehnbares Material | Badetauglich | hautenge Passform\u00a0 | hochwertige Verarbeitung &#8220;Made in Germany&#8221;<\/p>\n<h3>Benutzerhinweise<\/h3>\n<p>30\u00b0 Schonw\u00e4sche | Chlor- und Salzwasserresistent<\/p>\n<h3>BADE MINISOCK STRING &#8211; gl\u00e4nzender Minisock<\/h3>\n<p>Kaum zu glauben! Aber der Bade Minisock String von WOJOER ist so knapp, wie kaum eine andere Badehose, denn dieser bedeckt lediglich dein Suspensorium. Dennoch sitzt er einfach perfekt und ist wunderbar luftig bequem. Dazu kommt das tiefe gl\u00e4nzende Schwarz und leuchtend helle cyan Blau, was das blickdichte Material besonders attraktiv leuchten l\u00e4sst. Zudem sorgt die knallige Akzentsetzung mit neongelben B\u00fcndchen f\u00fcr Aufsehen. Und schlie\u00dflich ist er nat\u00fcrlich auch badetauglich f\u00fcr Chlor- und Salzwasser.<\/p>\n","protected":false},"excerpt":{"rendered":"<p>immer vorr\u00e4tig, denn der gl\u00e4nzende Bade Minisock String mit neongelben B\u00fcndchen 335B3B geh\u00f6rt in die Kategorie: Wojoer &#8220;NOS-Produkte&#8221;!<br \/>\nGr\u00f6\u00dfen<br \/>\nErh\u00e4ltlich in den Gr\u00f6\u00dfen XS, S, M, L, XL, XXL<br \/>\nMaterialzusammensetzung<br \/>\nBlickdichtes Badejersey: 80% Polyamid und 20% Elasthan<br \/>\nBesonderheiten<br \/>\nNOS Produkt | matt gl\u00e4nzendes, sehr dehnbares Material\u2026<\/p>\n","protected":false},"featured_media":35445,"comment_status":"open","ping_status":"closed","template":"","meta":[],"product_brand":[],"product_cat":[808,115,473,195,326],"product_tag":[276,108,573],"class_list":{"0":"post-16326","1":"product","2":"type-product","3":"status-publish","4":"has-post-thumbnail","6":"product_cat-badeglanz","7":"product_cat-beachwear","8":"product_cat-men","9":"product_cat-produktion-auf-bestellung-liveproduktion","10":"product_cat-wojoer","11":"product_tag-badeglanz","12":"product_tag-1beachwear","13":"product_tag-minisock","14":"product_shipping_class-beun","15":"pa_farbe-eisblau","16":"pa_farbe-schwarz","17":"pa_groesse-l","18":"pa_groesse-m","19":"pa_groesse-s","20":"pa_groesse-xl","21":"pa_groesse-xs","22":"pa_groesse-xxl","23":"pif-has-gallery","24":"post-1","25":"odd","27":"first","28":"instock","29":"taxable","30":"shipping-taxable","31":"purchasable","32":"product-type-variable"},"yoast_head":"<!-- This site is optimized with the Yoast SEO plugin v27.2 - https:\/\/yoast.com\/product\/yoast-seo-wordpress\/ -->\n<title>Bade Minisock String | Schwarz | Hellblau | Neongelb | Minisock WOJOER<\/title>\n<meta name=\"description\" content=\"Schwarzer Bade Minisock String mit neongelben B\u00fcndchen. Blauer String. Bequeme Passform, blickdichtes Bade-Material. Sch\u00f6n knapp geschnitten und mit Neonakzent von WOJOER.\" \/>\n<meta name=\"robots\" content=\"index, follow, max-snippet:-1, max-image-preview:large, max-video-preview:-1\" \/>\n<link rel=\"canonical\" href=\"https:\/\/www.wojoer.de\/en\/produkt\/bade-minisock-string-335b3b\/\" \/>\n<meta name=\"twitter:card\" content=\"summary_large_image\" \/>\n<meta name=\"twitter:title\" content=\"Bade Minisock String | Schwarz | Hellblau | Neongelb | Minisock WOJOER\" \/>\n<meta name=\"twitter:description\" content=\"Schwarzer Bade Minisock String mit neongelben B\u00fcndchen. Blauer String. Bequeme Passform, blickdichtes Bade-Material. Sch\u00f6n knapp geschnitten und mit Neonakzent von WOJOER.\" \/>\n<meta name=\"twitter:image\" content=\"https:\/\/www.wojoer.de\/wp-content\/uploads\/2021\/06\/335B3B_Badeglanz_Minisock_String_eisblau_neongelb_wojoer_.jpg\" \/>\n<meta name=\"twitter:label1\" content=\"Estimated reading time\" \/>\n\t<meta name=\"twitter:data1\" content=\"1 minute\" \/>\n<script type=\"application\/ld+json\" class=\"yoast-schema-graph\">{\"@context\":\"https:\/\/schema.org\",\"@graph\":[{\"@type\":\"WebPage\",\"@id\":\"https:\/\/www.wojoer.de\/produkt\/bade-minisock-string-335b3b\/\",\"url\":\"https:\/\/www.wojoer.de\/produkt\/bade-minisock-string-335b3b\/\",\"name\":\"Bade Minisock String | Schwarz | Hellblau | Neongelb | Minisock WOJOER\",\"isPartOf\":{\"@id\":\"https:\/\/www.wojoer.de\/#website\"},\"primaryImageOfPage\":{\"@id\":\"https:\/\/www.wojoer.de\/produkt\/bade-minisock-string-335b3b\/#primaryimage\"},\"image\":{\"@id\":\"https:\/\/www.wojoer.de\/produkt\/bade-minisock-string-335b3b\/#primaryimage\"},\"thumbnailUrl\":\"https:\/\/www.wojoer.de\/wp-content\/uploads\/2021\/06\/335B3B_Badeglanz_Minisock_String_eisblau_neongelb_wojoer_.jpg\",\"datePublished\":\"2025-04-08T05:30:06+00:00\",\"dateModified\":\"2026-01-18T17:00:17+00:00\",\"description\":\"Schwarzer Bade Minisock String mit neongelben B\u00fcndchen. Blauer String. Bequeme Passform, blickdichtes Bade-Material. Sch\u00f6n knapp geschnitten und mit Neonakzent von WOJOER.\",\"breadcrumb\":{\"@id\":\"https:\/\/www.wojoer.de\/produkt\/bade-minisock-string-335b3b\/#breadcrumb\"},\"inLanguage\":\"en-GB\",\"potentialAction\":[{\"@type\":\"ReadAction\",\"target\":[\"https:\/\/www.wojoer.de\/produkt\/bade-minisock-string-335b3b\/\"]}]},{\"@type\":\"ImageObject\",\"inLanguage\":\"en-GB\",\"@id\":\"https:\/\/www.wojoer.de\/produkt\/bade-minisock-string-335b3b\/#primaryimage\",\"url\":\"https:\/\/www.wojoer.de\/wp-content\/uploads\/2021\/06\/335B3B_Badeglanz_Minisock_String_eisblau_neongelb_wojoer_.jpg\",\"contentUrl\":\"https:\/\/www.wojoer.de\/wp-content\/uploads\/2021\/06\/335B3B_Badeglanz_Minisock_String_eisblau_neongelb_wojoer_.jpg\",\"width\":2002,\"height\":2002},{\"@type\":\"BreadcrumbList\",\"@id\":\"https:\/\/www.wojoer.de\/produkt\/bade-minisock-string-335b3b\/#breadcrumb\",\"itemListElement\":[{\"@type\":\"ListItem\",\"position\":1,\"name\":\"Startseite\",\"item\":\"https:\/\/www.wojoer.de\/\"},{\"@type\":\"ListItem\",\"position\":2,\"name\":\"SHOP\",\"item\":\"https:\/\/www.wojoer.de\/shop\/\"},{\"@type\":\"ListItem\",\"position\":3,\"name\":\"Bade Minisock String 335B3B\"}]},{\"@type\":\"WebSite\",\"@id\":\"https:\/\/www.wojoer.de\/#website\",\"url\":\"https:\/\/www.wojoer.de\/\",\"name\":\"WOJOER\",\"description\":\"clubwear for men\",\"publisher\":{\"@id\":\"https:\/\/www.wojoer.de\/#organization\"},\"potentialAction\":[{\"@type\":\"SearchAction\",\"target\":{\"@type\":\"EntryPoint\",\"urlTemplate\":\"https:\/\/www.wojoer.de\/?s={search_term_string}\"},\"query-input\":{\"@type\":\"PropertyValueSpecification\",\"valueRequired\":true,\"valueName\":\"search_term_string\"}}],\"inLanguage\":\"en-GB\"},{\"@type\":\"Organization\",\"@id\":\"https:\/\/www.wojoer.de\/#organization\",\"name\":\"Wonneberger-Manufaktur\",\"url\":\"https:\/\/www.wojoer.de\/\",\"logo\":{\"@type\":\"ImageObject\",\"inLanguage\":\"en-GB\",\"@id\":\"https:\/\/www.wojoer.de\/#\/schema\/logo\/image\/\",\"url\":\"https:\/\/www.wojoer.de\/wp-content\/uploads\/2016\/11\/wonnebergermanufaktur_logo_BUTTON.png\",\"contentUrl\":\"https:\/\/www.wojoer.de\/wp-content\/uploads\/2016\/11\/wonnebergermanufaktur_logo_BUTTON.png\",\"width\":765,\"height\":765,\"caption\":\"Wonneberger-Manufaktur\"},\"image\":{\"@id\":\"https:\/\/www.wojoer.de\/#\/schema\/logo\/image\/\"},\"sameAs\":[\"https:\/\/www.facebook.com\/wojoer\/\",\"https:\/\/de.pinterest.com\/W0J0ER\/\"]}]}<\/script>\n<!-- \/ Yoast SEO plugin. -->","yoast_head_json":{"title":"Bade Minisock String | Schwarz | Hellblau | Neongelb | Minisock WOJOER","description":"Schwarzer Bade Minisock String mit neongelben B\u00fcndchen. Blauer String. Bequeme Passform, blickdichtes Bade-Material. Sch\u00f6n knapp geschnitten und mit Neonakzent von WOJOER.","robots":{"index":"index","follow":"follow","max-snippet":"max-snippet:-1","max-image-preview":"max-image-preview:large","max-video-preview":"max-video-preview:-1"},"canonical":"https:\/\/www.wojoer.de\/en\/produkt\/bade-minisock-string-335b3b\/","twitter_card":"summary_large_image","twitter_title":"Bade Minisock String | Schwarz | Hellblau | Neongelb | Minisock WOJOER","twitter_description":"Schwarzer Bade Minisock String mit neongelben B\u00fcndchen. Blauer String. Bequeme Passform, blickdichtes Bade-Material. Sch\u00f6n knapp geschnitten und mit Neonakzent von WOJOER.","twitter_image":"https:\/\/www.wojoer.de\/wp-content\/uploads\/2021\/06\/335B3B_Badeglanz_Minisock_String_eisblau_neongelb_wojoer_.jpg","twitter_misc":{"Estimated reading time":"1 minute"},"schema":{"@context":"https:\/\/schema.org","@graph":[{"@type":"WebPage","@id":"https:\/\/www.wojoer.de\/produkt\/bade-minisock-string-335b3b\/","url":"https:\/\/www.wojoer.de\/produkt\/bade-minisock-string-335b3b\/","name":"Bade Minisock String | Schwarz | Hellblau | Neongelb | Minisock WOJOER","isPartOf":{"@id":"https:\/\/www.wojoer.de\/#website"},"primaryImageOfPage":{"@id":"https:\/\/www.wojoer.de\/produkt\/bade-minisock-string-335b3b\/#primaryimage"},"image":{"@id":"https:\/\/www.wojoer.de\/produkt\/bade-minisock-string-335b3b\/#primaryimage"},"thumbnailUrl":"https:\/\/www.wojoer.de\/wp-content\/uploads\/2021\/06\/335B3B_Badeglanz_Minisock_String_eisblau_neongelb_wojoer_.jpg","datePublished":"2025-04-08T05:30:06+00:00","dateModified":"2026-01-18T17:00:17+00:00","description":"Schwarzer Bade Minisock String mit neongelben B\u00fcndchen. Blauer String. Bequeme Passform, blickdichtes Bade-Material. Sch\u00f6n knapp geschnitten und mit Neonakzent von WOJOER.","breadcrumb":{"@id":"https:\/\/www.wojoer.de\/produkt\/bade-minisock-string-335b3b\/#breadcrumb"},"inLanguage":"en-GB","potentialAction":[{"@type":"ReadAction","target":["https:\/\/www.wojoer.de\/produkt\/bade-minisock-string-335b3b\/"]}]},{"@type":"ImageObject","inLanguage":"en-GB","@id":"https:\/\/www.wojoer.de\/produkt\/bade-minisock-string-335b3b\/#primaryimage","url":"https:\/\/www.wojoer.de\/wp-content\/uploads\/2021\/06\/335B3B_Badeglanz_Minisock_String_eisblau_neongelb_wojoer_.jpg","contentUrl":"https:\/\/www.wojoer.de\/wp-content\/uploads\/2021\/06\/335B3B_Badeglanz_Minisock_String_eisblau_neongelb_wojoer_.jpg","width":2002,"height":2002},{"@type":"BreadcrumbList","@id":"https:\/\/www.wojoer.de\/produkt\/bade-minisock-string-335b3b\/#breadcrumb","itemListElement":[{"@type":"ListItem","position":1,"name":"Startseite","item":"https:\/\/www.wojoer.de\/"},{"@type":"ListItem","position":2,"name":"SHOP","item":"https:\/\/www.wojoer.de\/shop\/"},{"@type":"ListItem","position":3,"name":"Bade Minisock String 335B3B"}]},{"@type":"WebSite","@id":"https:\/\/www.wojoer.de\/#website","url":"https:\/\/www.wojoer.de\/","name":"WOJOER","description":"clubwear for men","publisher":{"@id":"https:\/\/www.wojoer.de\/#organization"},"potentialAction":[{"@type":"SearchAction","target":{"@type":"EntryPoint","urlTemplate":"https:\/\/www.wojoer.de\/?s={search_term_string}"},"query-input":{"@type":"PropertyValueSpecification","valueRequired":true,"valueName":"search_term_string"}}],"inLanguage":"en-GB"},{"@type":"Organization","@id":"https:\/\/www.wojoer.de\/#organization","name":"Wonneberger-Manufaktur","url":"https:\/\/www.wojoer.de\/","logo":{"@type":"ImageObject","inLanguage":"en-GB","@id":"https:\/\/www.wojoer.de\/#\/schema\/logo\/image\/","url":"https:\/\/www.wojoer.de\/wp-content\/uploads\/2016\/11\/wonnebergermanufaktur_logo_BUTTON.png","contentUrl":"https:\/\/www.wojoer.de\/wp-content\/uploads\/2016\/11\/wonnebergermanufaktur_logo_BUTTON.png","width":765,"height":765,"caption":"Wonneberger-Manufaktur"},"image":{"@id":"https:\/\/www.wojoer.de\/#\/schema\/logo\/image\/"},"sameAs":["https:\/\/www.facebook.com\/wojoer\/","https:\/\/de.pinterest.com\/W0J0ER\/"]}]}},"_links":{"self":[{"href":"https:\/\/www.wojoer.de\/en\/wp-json\/wp\/v2\/product\/16326","targetHints":{"allow":["GET"]}}],"collection":[{"href":"https:\/\/www.wojoer.de\/en\/wp-json\/wp\/v2\/product"}],"about":[{"href":"https:\/\/www.wojoer.de\/en\/wp-json\/wp\/v2\/types\/product"}],"replies":[{"embeddable":true,"href":"https:\/\/www.wojoer.de\/en\/wp-json\/wp\/v2\/comments?post=16326"}],"wp:featuredmedia":[{"embeddable":true,"href":"https:\/\/www.wojoer.de\/en\/wp-json\/wp\/v2\/media\/35445"}],"wp:attachment":[{"href":"https:\/\/www.wojoer.de\/en\/wp-json\/wp\/v2\/media?parent=16326"}],"wp:term":[{"taxonomy":"product_brand","embeddable":true,"href":"https:\/\/www.wojoer.de\/en\/wp-json\/wp\/v2\/product_brand?post=16326"},{"taxonomy":"product_cat","embeddable":true,"href":"https:\/\/www.wojoer.de\/en\/wp-json\/wp\/v2\/product_cat?post=16326"},{"taxonomy":"product_tag","embeddable":true,"href":"https:\/\/www.wojoer.de\/en\/wp-json\/wp\/v2\/product_tag?post=16326"}],"curies":[{"name":"wp","href":"https:\/\/api.w.org\/{rel}","templated":true}]}}

<p>immer vorrätig, denn der glänzende Bade Minisock String mit neongelben Bündchen 335B3B gehört in die Kategorie: Wojoer &#8220;NOS-Produkte&#8221;!</p>
<h3>Größen</h3>
<p>Erhältlich in den Größen XS, S, M, L, XL, XXL</p>
<h3>Materialzusammensetzung</h3>
<p>Blickdichtes Badejersey: 80% Polyamid und 20% Elasthan</p>
<h3>Besonderheiten</h3>
<p><a href="http://www.wojoer.de/?s=nos&#038;post_type=product">NOS Produkt</a> | matt glänzendes, sehr dehnbares Material | Badetauglich | hautenge Passform  | hochwertige Verarbeitung &#8220;Made in Germany&#8221;</p>
<h3>Benutzerhinweise</h3>
<p>30° Schonwäsche | Chlor- und Salzwasserresistent</p>
<h3>BADE MINISOCK STRING &#8211; glänzender Minisock</h3>
<p>Kaum zu glauben! Aber der Bade Minisock String von WOJOER ist so knapp, wie kaum eine andere Badehose, denn dieser bedeckt lediglich dein Suspensorium. Dennoch sitzt er einfach perfekt und ist wunderbar luftig bequem. Dazu kommt das tiefe glänzende Schwarz und leuchtend helle cyan Blau, was das blickdichte Material besonders attraktiv leuchten lässt. Zudem sorgt die knallige Akzentsetzung mit neongelben Bündchen für Aufsehen. Und schließlich ist er natürlich auch badetauglich für Chlor- und Salzwasser.</p>

<p>immer vorrätig, denn der glänzende Bade Minisock String mit neongelben Bündchen 335B3B gehört in die Kategorie: Wojoer &#8220;NOS-Produkte&#8221;!<br />
Größen<br />
Erhältlich in den Größen XS, S, M, L, XL, XXL<br />
Materialzusammensetzung<br />
Blickdichtes Badejersey: 80% Polyamid und 20% Elasthan<br />
Besonderheiten<br />
NOS Produkt | matt glänzendes, sehr dehnbares Material…</p>

<!-- This site is optimized with the Yoast SEO plugin v27.2 - https://yoast.com/product/yoast-seo-wordpress/ -->
<title>Bade Minisock String | Schwarz | Hellblau | Neongelb | Minisock WOJOER</title>
<meta name="description" content="Schwarzer Bade Minisock String mit neongelben Bündchen. Blauer String. Bequeme Passform, blickdichtes Bade-Material. Schön knapp geschnitten und mit Neonakzent von WOJOER." />
<meta name="robots" content="index, follow, max-snippet:-1, max-image-preview:large, max-video-preview:-1" />
<link rel="canonical" href="https://www.wojoer.de/en/produkt/bade-minisock-string-335b3b/" />
<meta name="twitter:card" content="summary_large_image" />
<meta name="twitter:title" content="Bade Minisock String | Schwarz | Hellblau | Neongelb | Minisock WOJOER" />
<meta name="twitter:description" content="Schwarzer Bade Minisock String mit neongelben Bündchen. Blauer String. Bequeme Passform, blickdichtes Bade-Material. Schön knapp geschnitten und mit Neonakzent von WOJOER." />
<meta name="twitter:image" content="https://www.wojoer.de/wp-content/uploads/2021/06/335B3B_Badeglanz_Minisock_String_eisblau_neongelb_wojoer_.jpg" />
<meta name="twitter:label1" content="Estimated reading time" />
	<meta name="twitter:data1" content="1 minute" />
<script type="application/ld+json" class="yoast-schema-graph">{"@context":"https://schema.org","@graph":[{"@type":"WebPage","@id":"https://www.wojoer.de/produkt/bade-minisock-string-335b3b/","url":"https://www.wojoer.de/produkt/bade-minisock-string-335b3b/","name":"Bade Minisock String | Schwarz | Hellblau | Neongelb | Minisock WOJOER","isPartOf":{"@id":"https://www.wojoer.de/#website"},"primaryImageOfPage":{"@id":"https://www.wojoer.de/produkt/bade-minisock-string-335b3b/#primaryimage"},"image":{"@id":"https://www.wojoer.de/produkt/bade-minisock-string-335b3b/#primaryimage"},"thumbnailUrl":"https://www.wojoer.de/wp-content/uploads/2021/06/335B3B_Badeglanz_Minisock_String_eisblau_neongelb_wojoer_.jpg","datePublished":"2025-04-08T05:30:06+00:00","dateModified":"2026-01-18T17:00:17+00:00","description":"Schwarzer Bade Minisock String mit neongelben Bündchen. Blauer String. Bequeme Passform, blickdichtes Bade-Material. Schön knapp geschnitten und mit Neonakzent von WOJOER.","breadcrumb":{"@id":"https://www.wojoer.de/produkt/bade-minisock-string-335b3b/#breadcrumb"},"inLanguage":"en-GB","potentialAction":[{"@type":"ReadAction","target":["https://www.wojoer.de/produkt/bade-minisock-string-335b3b/"]}]},{"@type":"ImageObject","inLanguage":"en-GB","@id":"https://www.wojoer.de/produkt/bade-minisock-string-335b3b/#primaryimage","url":"https://www.wojoer.de/wp-content/uploads/2021/06/335B3B_Badeglanz_Minisock_String_eisblau_neongelb_wojoer_.jpg","contentUrl":"https://www.wojoer.de/wp-content/uploads/2021/06/335B3B_Badeglanz_Minisock_String_eisblau_neongelb_wojoer_.jpg","width":2002,"height":2002},{"@type":"BreadcrumbList","@id":"https://www.wojoer.de/produkt/bade-minisock-string-335b3b/#breadcrumb","itemListElement":[{"@type":"ListItem","position":1,"name":"Startseite","item":"https://www.wojoer.de/"},{"@type":"ListItem","position":2,"name":"SHOP","item":"https://www.wojoer.de/shop/"},{"@type":"ListItem","position":3,"name":"Bade Minisock String 335B3B"}]},{"@type":"WebSite","@id":"https://www.wojoer.de/#website","url":"https://www.wojoer.de/","name":"WOJOER","description":"clubwear for men","publisher":{"@id":"https://www.wojoer.de/#organization"},"potentialAction":[{"@type":"SearchAction","target":{"@type":"EntryPoint","urlTemplate":"https://www.wojoer.de/?s={search_term_string}"},"query-input":{"@type":"PropertyValueSpecification","valueRequired":true,"valueName":"search_term_string"}}],"inLanguage":"en-GB"},{"@type":"Organization","@id":"https://www.wojoer.de/#organization","name":"Wonneberger-Manufaktur","url":"https://www.wojoer.de/","logo":{"@type":"ImageObject","inLanguage":"en-GB","@id":"https://www.wojoer.de/#/schema/logo/image/","url":"https://www.wojoer.de/wp-content/uploads/2016/11/wonnebergermanufaktur_logo_BUTTON.png","contentUrl":"https://www.wojoer.de/wp-content/uploads/2016/11/wonnebergermanufaktur_logo_BUTTON.png","width":765,"height":765,"caption":"Wonneberger-Manufaktur"},"image":{"@id":"https://www.wojoer.de/#/schema/logo/image/"},"sameAs":["https://www.facebook.com/wojoer/","https://de.pinterest.com/W0J0ER/"]}]}</script>
<!-- / Yoast SEO plugin. -->

Schwarzer Bade Minisock String mit neongelben Bündchen. Blauer String. Bequeme Passform, blickdichtes Bade-Material. Schön knapp geschnitten und mit Neonakzent von WOJOER.
